lse
Does 739 divide 293003503?
False
Is 1781 a factor of 60800498?
False
Is 140 a factor of 88528440?
True
Does 273 divide 215927724?
False
Is 204709775 a multiple of 575?
True
Is 4 a factor of 34452066?
False
Is 265 a factor of 13840570?
False
Does 70 divide 24397282?
False
Is 97 a factor of 1786981?
False
Is 9053473 a multiple of 15?
False
Is 772 a factor of 110174436?
True
Is 57520245 a multiple of 141?
True
Does 1487 divide 2374973946?
True
Is 55624916 a multiple of 2042?
False
Is 24 a factor of 375251352?
True
Does 16 divide 74650736?
True
Does 30 divide 137522490?
True
Is 2262 a factor of 28370004?
True
Is 6 a factor of 355914918?
True
Is 770144112 a multiple of 432?
True
Does 4357 divide 7231094?
False
Is 1436275826 a multiple of 4579?
False
Is 181 a factor of 101835668?
True
Is 34074542 a multiple of 61?
False
Is 73 a factor of 217685773?
False
Is 376473132 a multiple of 18?
True
Is 655 a factor of 64581690?
True
Does 192 divide 28322867?
False
Is 76236056 a multiple of 76?
True
Does 161 divide 1337179?
False
Is 10 a factor of 13928657?
False
Is 17811438 a multiple of 4?
False
Does 11 divide 6686163?
True
Is 142661988 a multiple of 28?
True
Is 89132136 a multiple of 12?
True
Does 23 divide 588222539?
True
Does 1136 divide 15894912?
True
Does 75 divide 71817375?
True
Is 535 a factor of 1601896421?
False
Does 37 divide 34909789?
False
Is 9762847 a multiple of 21?
False
Is 10 a factor of 79232670?
True
Is 98 a factor of 9970814?
True
Does 5163 divide 358972688?
False
Is 202247200 a multiple of 16?
True
Does 197 divide 397983340?
True
Does 25 divide 882985725?
True
Is 1130668139 a multiple of 8736?
False
Does 32 divide 1632946176?
True
Is 567411978 a multiple of 161?
True
Is 153803346 a multiple of 106?
False
Does 29 divide 31094699?
True
Does 275 divide 796883065?
False
Is 279546640 a multiple of 11?
False
Does 11 divide 5547397084?
False
Is 310986899 a multiple of 24?
False
Does 1416 divide 59513930?
False
Is 116 a factor of 1791272?
True
Does 375 divide 379500?
True
Is 334 a factor of 820266024?
False
Does 14 divide 847442372?
True
Does 3 divide 809772989?
False
Is 2 a factor of 12821359?
False
Is 11334674 a multiple of 6?
False
Is 130 a factor of 47101990?
True
Is 69744070 a multiple of 3015?
False
Is 16224440 a multiple of 30?
False
Does 364 divide 50400532?
True
Is 67016800 a multiple of 20?
True
Is 12281 a factor of 391991343?
False
Is 33 a factor of 111910953?
True
Is 29489100 a multiple of 210?
False
Is 29 a factor of 2431939768?
True
Is 37 a factor of 18072946?
True
Does 5 divide 43431335?
True
Is 520 a factor of 1517258366?
False
Is 1775504820 a multiple of 6947?
False
Is 71485833 a multiple of 2816?
False
Is 1076619560 a multiple of 677?
True
Is 12406554 a multiple of 210?
False
Does 34 divide 84219564?
True
Is 18 a factor of 9896580?
True
Does 367 divide 58039949?
True
Is 59854191 a multiple of 601?
True
Is 3559264352 a multiple of 11?
False
Is 628791910 a multiple of 13?
False
Does 7969 divide 5930609490?
True
Is 1596709256 a multiple of 8698?
True
Does 1446 divide 67728670?
False
Is 604073284 a multiple of 44?
False
Is 10 a factor of 107041080?
True
Is 401949324 a multiple of 84?
True
Is 184103520 a multiple of 96?
True
Is 225127164 a multiple of 27?
False
Is 14 a factor of 86749236?
True
Is 2471798259 a multiple of 46?
False
Does 153 divide 216843840?
True
Is 21493960 a multiple of 545?
False
Is 426 a factor of 3408091164?
True
Is 27669123 a multiple of 3700?
False
Is 39 a factor of 18018341?
False
Is 38668884 a multiple of 2?
True
Does 31 divide 477551807?
True
Is 2458014485 a multiple of 23?
True
Does 125 divide 2459292?
False
Does 312 divide 73448812?
False
Is 17431789 a multiple of 15?
False
Is 274341558 a multiple of 65?
False
Is 85810600 a multiple of 568?
True
Is 25 a factor of 379175?
True
Is 100 a factor of 69793008?
False
Is 32975304 a multiple of 362?
True
Does 153 divide 1520922856?
False
Does 280 divide 75122880?
True
Does 245 divide 41986860?
False
Does 35 divide 7969150?
True
Is 9 a factor of 11072755?
False
Does 5403 divide 640060977?
False
Is 14247751 a multiple of 639?
False
Does 300 divide 2086346100?
True
Is 3061373716 a multiple of 3348?
False
Does 10 divide 7399280?
True
Is 27061693 a multiple of 8?
False
Does 27 divide 17222544?
True
Does 6 divide 4890204?
True
Is 106501390 a multiple of 283?
True
Is 566 a factor of 133496289?
False
Is 56 a factor of 662592056?
True
Does 1166 divide 1377815560?
True
Is 14 a factor of 1130276574?
True
Is 273048297 a multiple of 128?
False
Does 645 divide 16499745?
True
Is 261 a factor of 775135548?
True
Is 2305726 a multiple of 38?
True
Is 234 a factor of 117793510?
False
Is 189965789 a multiple of 13?
True
Is 10 a factor of 184616166?
False
Is 3 a factor of 81724655?
False
Is 3249 a factor of 1810539657?
False
Is 26278344 a multiple of 54?
True
Is 754531162 a multiple of 17?
True
Is 86950775 a multiple of 25?
True
Is 61 a factor of 2489406401?
True
Does 12 divide 99111540?
True
Is 18 a factor of 350865786?
False
Does 68 divide 139756245?
False
Is 25 a factor of 5525226864?
False
Is 1480741284 a multiple of 10?
False
Is 81 a factor of 3444416?
False
Is 80097900 a multiple of 15?
True
Is 233 a factor of 35859695?
False
Is 32553064 a multiple of 1094?
True
Is 53 a factor of 1667899077?
False
Is 25379892 a multiple of 243?
True
Is 2186445 a multiple of 718?
False
Is 14 a factor of 2765215405?
False
Is 69 a factor of 1458630889?
False
Is 42 a factor of 4340932?
False
Is 11 a factor of 159425959?
True
Does 41 divide 523203778?
False
Is 2864116219 a multiple of 3879?
False
Is 167 a factor of 725515663?
False
Is 1283207290 a multiple of 10?
True
Does 63 divide 5964582?
False
Is 60467046 a multiple of 23?
True
Does 1189 divide 16605574?
True
Is 700662310 a multiple of 2635?
True
Is 27910258 a multiple of 182?
False
Is 6 a factor of 837305?
False
Does 9 divide 10039032?
True
Is 94 a factor of 1673671?
False
Does 5 divide 44702930?
True
Does 19 divide 112302027?
True
Is 147 a factor of 180790743?
True
Is 48878760 a multiple of 50?
False
Is 29 a factor of 641136350?
True
Is 129 a factor of 18729180?
False
Does 2089 divide 59208527?
True
Is 214816218 a multiple of 1556?
False
Is 28 a factor of 356161848?
True
Is 256 a factor of 15711232?
True
Does 1143 divide 49024934?
False
Does 8327 divide 4161226729?
True
Is 1716281925 a multiple of 8753?
False
Does 27 divide 47634156?
True
Is 105 a factor of 209189505?
True
Is 80110712 a multiple of 11?
True
Is 69 a factor of 57635125?
False
Is 602870350 a multiple of 84?
False
Is 27 a factor of 6562945?
False
Is 459269601 a multiple of 7671?
False
Is 36 a factor of 3629696?
False
Is 4 a factor of 1507831?
False
Does 11 divide 142229241?
True
Does 83 divide 740866134?
True
Is 4 a factor of 115778392?
True
Does 82 divide 762599521?
False
Is 5 a factor of 318905275?
True
Is 14147354 a multiple of 26?
True
Is 399903224 a multiple of 2066?
True
Is 140 a factor of 12523330?
False
Is 878111975 a multiple of 912?
False
Is 8 a factor of 156575160?
True
Is 2620 a factor of 108159415?
False
Is 67 a factor of 55791101?
True
Does 28 divide 13861652?
True
Is 2292853947 a multiple of 4173?
False
Is 5 a factor of 31503207?
False
Is 2171083338 a multiple of 2357?
False
Is 5 a factor of 758784?
False
Is 507 a factor of 146231475?
True
Does 10 divide 2369960?
True
Does 197 divide 441498410?
False
Is 21619658 a multiple of 28?
False
Is 13938549 a multiple of 479?
False
Is 42269284 a multiple of 92?
False
Does 387 divide 21424037?
False
Is 770 a factor of 613481330?
True
Is 109400394 a multiple of 209?
False
Does 10 divide 161270416?
False
Is 834096 a multiple of 8?
True
Is 27 a factor of 885144654?
False
Is 1713874142 a multiple of 23?
False
Does 3 divide 70280906?
False
Does 4895 divide 1370467835?
True
Is 244117277 a multiple of 16?
False
Is 16 a factor of 315565383?
False
Does 288 divide 4185792?
True
Does 1270 divide 197810750?
False
Is 112 a factor of 1170112608?
True
Is 8474421 a multiple of 33?
False
Is 15489057 a multiple of 527?
True
Does 1286 divide 296476760?
False
Is 108 a factor of 2598427188?
True
Does 7 divide 256732496?
False
Is 6302868 a multiple of 132?
True
Is 84147854 a multiple of 5?
False
Is 17081748 a multiple of 10?
False
Is 54941309